 base 16, what is -1 + 666?
665
In base 6, what is -2 + 10014?
10012
In base 12, what is 1803 - -1?
1804
In base 6, what is 2 + 104?
110
In base 11, what is -1457 + -4?
-1460
In base 5, what is -4 + -3422?
-3431
In base 7, what is -2 - 2155?
-2160
In base 5, what is -131422 + 1?
-131421
In base 2, what is -1010011 - 10?
-1010101
In base 12, what is -9 - 511?
-51a
In base 3, what is -12 - 1201?
-1220
In base 2, what is -1110111 + -11?
-1111010
In base 9, what is -31336 + 1?
-31335
In base 3, what is 2220 - 12?
2201
In base 7, what is 1636 - 4?
1632
In base 13, what is -9 - -127?
11b
In base 13, what is -190 + 10?
-180
In base 8, what is 20 - 166?
-146
In base 14, what is 13d + 47?
186
In base 15, what is 47e2 - 4?
47dd
In base 11, what is -10 + 10?
0
In base 11, what is 2a5 - 4?
2a1
In base 8, what is 17413 + 3?
17416
In base 11, what is -26 + -10?
-36
In base 11, what is -3 + 1358?
1355
In base 6, what is -1 + -4?
-5
In base 4, what is 1 - -1231121?
1231122
In base 9, what is -2 - -188?
186
In base 12, what is 1 - 102a?
-1029
In base 3, what is -2010 - -121?
-1112
In base 3, what is -211111110 - -2?
-211111101
In base 12, what is -2 + 96?
94
In base 10, what is 1 + -136?
-135
In base 3, what is -1100112 - -211?
-1022201
In base 16, what is -3 + -1f?
-22
In base 16, what is 5 - 1c0?
-1bb
In base 10, what is 2 - 121?
-119
In base 7, what is -62 - 6?
-101
In base 6, what is 0 + -2040?
-2040
In base 10, what is 4 - 7135?
-7131
In base 6, what is -10 - 1?
-11
In base 10, what is -2 + 132?
130
In base 11, what is 17 + 12?
29
In base 16, what is -a - -2?
-8
In base 14, what is 7 + -38?
-31
In base 9, what is 6 - -254?
261
In base 2, what is -1010111001 - 100?
-1010111101
In base 12, what is 12 + -42?
-30
In base 4, what is -3313 - -2?
-3311
In base 4, what is -1101 + -1?
-1102
In base 4, what is 11212 + 223?
12101
In base 5, what is -231003 + 3?
-231000
In base 10, what is -1570 + 3?
-1567
In base 16, what is 3 + 678?
67b
In base 3, what is 2 + -112221?
-112212
In base 13, what is -67 - 5?
-6c
In base 5, what is 3011 - 1?
3010
In base 9, what is 1 - -7213?
7214
In base 9, what is -232 + 7?
-224
In base 11, what is 0 - -782?
782
In base 14, what is 34 + 6?
3a
In base 11, what is 5 - 25?
-20
In base 3, what is -1201 - -101?
-1100
In base 13, what is 1b3 + -12?
1a1
In base 15, what is -402 + 0?
-402
In base 15, what is 11 - 7d?
-6c
In base 4, what is 23 - 11?
12
In base 5, what is -141 + 3114?
2423
In base 16, what is -b72 + 2?
-b70
In base 5, what is 2 + -13?
-11
In base 14, what is 6 - 17?
-11
In base 16, what is 4 - 528?
-524
In base 13, what is -9 + -4a?
-56
In base 3, what is 1112002 - 0?
1112002
In base 14, what is -6d + 7?
-66
In base 16, what is 3 - 116?
-113
In base 8, what is 2 + -253?
-251
In base 3, what is -1021220021 - -12?
-1021220002
In base 15, what is 0 + -e78?
-e78
In base 4, what is -10 + 210?
200
In base 3, what is 1010 + 111?
1121
In base 15, what is 4 + -3?
1
In base 6, what is 5 + 1535?
1544
In base 8, what is -146 + -4?
-152
In base 7, what is 1 - -355?
356
In base 7, what is 5 + 20506?
20514
In base 13, what is 5 - 1357?
-1352
In base 4, what is 11 + -3011?
-3000
In base 7, what is -2353 - 5?
-2361
In base 4, what is -222020 + -3?
-222023
In base 15, what is 19d5 - 0?
19d5
In base 10, what is 0 - 1853?
-1853
In base 7, what is 16 - 3?
13
In base 2, what is -11100010111 - 100?
-11100011011
In base 16, what is -1 - -13?
12
In base 8, what is 1 - 201?
-200
In base 6, what is 1 + -1332?
-1331
In base 3, what is 1020 - 120?
200
In base 3, what is 11201 + -210?
10221
In base 16, what is -1 - 4?
-5
In base 6, what is 101 - -450?
551
In base 5, what is -2424 - -2?
-2422
In base 4, what is -11 + -22123?
-22200
In base 7, what is 5 - -426?
434
In base 3, what is -110121 - -1?
-110120
In base 14, what is 1d - -15?
34
In base 14, what is 3 + -367?
-364
In base 14, what is -d - -6d9?
6ca
In base 7, what is -202 - 154?
-356
In base 10, what is 23 - 8?
15
In base 16, what is 19 - -17?
30
In base 15, what is -2 - -177?
175
In base 13, what is -1055 + 3?
-1052
In base 11, what is 13 + -192?
-17a
In base 15, what is 15d + -66?
e7
In base 10, what is 3 - -43?
46
In base 14, what is -61 + -2?
-63
In base 2, what is -1100111011 - 0?
-1100111011
In base 10, what is 17 + 0?
17
In base 12, what is 3 + -188?
-185
In base 6, what is 4 - 130?
-122
In base 4, what is -131 - -12?
-113
In base 5, what is -4 + -224421?
-224430
In base 11, what is -64 + -68?
-121
In base 16, what is 1 + -e6?
-e5
In base 13, what is 2 + 34?
36
In base 10, what is 42 - 5?
37
In base 16, what is 2 - -6?
8
In base 10, what is 1 - 242?
-241
In base 10, what is -3 + -1280?
-1283
In base 12, what is 23 - -3?
26
In base 2, what is 11000111101011 + 0?
11000111101011
In base 2, what is -100101110 + 10?
-100101100
In base 4, what is 0 - 11313?
-11313
In base 4, what is 0 - -1?
1
In base 16, what is c4ee + 5?
c4f3
In base 14, what is -76 - -4?
-72
In base 14, what is 56 + 4b?
a3
In base 7, what is -16 - 1051?
-1100
In base 15, what is -e5 - 1?
-e6
In base 14, what is 6 + b6?
bc
In base 15, what is c - -5?
12
In base 4, what is 20222321 + 11?
20222332
In base 8, what is -3 - -2325?
2322
In base 11, what is -3 - 21?
-24
In base 3, what is 12 - -1121202?
1121221
In base 14, what is -3 - -4cd?
4ca
In base 4, what is -10100310 + 0?
-10100310
In base 9, what is 35 - 3?
32
In base 5, what is -1423 - 3?
-1431
In base 14, what is -15b1 + 2?
-15ad
In base 8, what is 4 - 323?
-317
In base 6, what is -304 + 3?
-301
In base 7, what is -104 + -5?
-112
In base 4, what is 3 + -1000?
-331
In base 11, what is -305 + 9?
-2a7
In base 3, what is 10 + 121101?
121111
In base 8, what is 266 + -1?
265
In base 16, what is -43 + 2b?
-18
In base 4, what is 1 - -20033?
20100
In base 6, what is 1 + -13?
-12
In base 9, what is -38 + -65?
-114
In base 14, what is -68 + -1?
-69
In base 5, what is -30 - 1320?
-1400
In base 10, what is 7 + 951?
958
In base 11, what is 4 + -179?
-175
In base 8, what is 45 - 755?
-710
In base 15, what is 6ed - 3?
6ea
In base 16, what is 6f - -4?
73
In base 4, what is -3331 - 2?
-3333
In base 15, what is -4 - 19?
-1d
In base 8, what is 1025 - 21?
1004
In base 6, what is 3 + -41?
-34
In base 12, what is -15 - -1b?
6
In base 2, what is 1100 + -11010?
-1110
In base 9, what is -5 + 80?
74
In base 3, what is -2120 - 21020?
-100210
In base 5, what is 1 + -1120?
-1114
In base 13, what is 26 - 45?
-1c
In base 5, what is 22343 + 0?
22343
In base 16, what is -9e7 - 0?
-9e7
In base 11, what is -6 + -a59?
-a64
In base 12, what is 16 + -478?
-462
In base 4, what is -111221 - -32?
-111123
In base 7, what is -1323 + -2?
-1325
In base 6, what is 1 - 1040?
-1035
In base 11, what is -4 - 2943?
-2947
In base 6, what is -4413 + 4?
-4405
In base 5, what is -1 + -2111?
-2112
In base 11, what is -7 + -145?
-151
In base 4, what is -20 + 30?
10
In base 15, what is 6 - 85?
-7e
In base 10, what is 6 - -47?
53
In base 16, what is 0 + -6a?
-6a
In base 15, what is 120 - 5?
11a
In base 8, what is -4 + 633?
627
In base 15, what is -5 - 329?
-32e
In base 3, what is 10 + -11010021?
-11010011
In base 7, what is -12140 - 0?
-12140
In base 7, what is 0 - 44?
-44
In base 11, what is 284 - 0?
284
In base 10, what is -12 - 58?
-70
In base 14, what is -1 + 21b?
21a
In base 4, what is 10 - -2311?
2321
In base 7, what is -6543 - 5?
-6551
In base 14, what is 5 + 2d?
34
In base 5, what is -22 - -413?
341
In base 15, what is -4 - -4de?
4da
In base 8, what is -2247 + -3?
-2252
In base 6, what is -5 - 2233?
-2242
In base 2, what is -1011 - 1000110?
-1010001
In base 10, what is -14 + 547?
533
In base 8, what is 76 - 23?
53
In base 9, what is 40 - -2?
42
In base 4, what is 12 + 311?
323
In base 3, what is 10 - -2120?
2200
In base 5, what is -2314234 + -2?
-2314241
In base 9, what is -648 + 3?
-645
In base 2, what is 101 - -1100000011?
1100001000
In base 11, what is -69 + 6a?
1
In base 7, what is 422 - 1?
421
In base 14, what is -9 + -472?
-47b
In base 9, what is 1 - -4?
5
In base 12, what is 1 + 201?
202
In base 7, what is -11 + -5?
-16
In base 2, what is 100101110000 + 0?
100101110000
In base 10, what is -1953 - -1?
-1952
In base 12, what is -15 - 2?
-17
In base 11, what is 95 + 31?
116
In base 9, what is -3033 + 1?
-3032
In base 5, w